(l) = -2 + 8*l + l + 2*l**2 - 9 - l**3 + 2*l**2. Calculate the remainder when u(4) is divided by 9.
7
Let b be 1/(-2) + -1 - (-486)/36. Suppose -z - r + 286 - 5 = 0, 0 = -4*r + b. What is the remainder when z is divided by 78?
44
Suppose 0 = -532*y + 545*y - 611. Suppose 239 = b + 53. What is the remainder when b is divided by y?
45
Let c = -326 + 308. Calculate the remainder when 286/(-33)*c/4 is divided by 5.
4
Let f = 20 - 18. Let k be 470/150 + f/(-15). Suppose -z - 6 - 189 = -5*w, 135 = k*w + 3*z. What is the remainder when w is divided by 14?
12
Suppose 4*j - 2*g - 1442 = 96, -45 = -5*g. What is the remainder when j is divided by 194?
1
Let l(s) = -4*s**3 - 3*s**2 + 4*s + 2. Suppose 2*g - 2*y = -8, -13*g = -8*g - 3*y + 16. What is the remainder when 43 is divided by l(g)?
1
Let v be 6/9*1953/14. Suppose 4*z + v = -5*c + 510, -5*c - 231 = -2*z. Let x = 100 - 84. Calculate the remainder when z is divided by x.
12
Suppose 25*b - 567 - 4933 = 0. What is the remainder when b is divided by 76?
68
Let g = 13109 + -13014. What is the remainder when 713 is divided by g?
48
Let f(o) = -2*o**2 + o. Let c(a) = 7*a**2 - 3*a - 10. Let v(n) = -c(n) - 4*f(n). Calculate the remainder when 149 is divided by v(6).
29
Suppose 27*b = 26*b - 6. Let q be 5/(20/19) + b/8. Suppose -q*v + 7 + 21 = 0. Calculate the remainder when 31 is divided by v.
3
Let d = -683 + 699. Let h = -70 - -142. What is the remainder when h is divided by d?
8
Suppose 0 = -58*p + 59*p - 15. Let a(h) = -5*h**2 + 3*h. Let i be a(-3). Let k = -25 - i. What is the remainder when k is divided by p?
14
Let y = 79 - 42. Suppose 0 = 5*w - 5, -5*a = -2*a - 3*w - 3. Suppose m = -a*m + 207. Calculate the remainder when m is divided by y.
32
Suppose 8*l = -23*l + 2511. Calculate the remainder when l is divided by (-32)/(-48)*((-65)/(-2) + -1).
18
Let g = 562 + -345. Let h = -207 + g. Calculate the remainder when 47 is divided by h.
7
Let w = 1956 - 1872. Calculate the remainder when w is divided by 16.
4
Let z(h) = h**3 - h**2 - 4*h + 5. Let m = 450 + -447. Calculate the remainder when 87 is divided by z(m).
10
Calculate the remainder when 890 + (1*(6 - 6) - 6) is divided by 114.
86
Suppose 0 = -22*l - 22*l - 1188. Let n = 20 - l. Calculate the remainder when 225 is divided by n.
37
Let y(p) = -37*p + 922. What is the remainder when y(24) is divided by 1 + 8 - (-1 + 1)?
7
Let s(d) = -58*d - 878. Calculate the remainder when s(-20) is divided by 13.
9
Let c = 2475 - 1918. What is the remainder when 1692 is divided by c?
21
Suppose 189*k + 1470 = 3*q + 193*k, -4*q + 3*k = -1935. What is the remainder when q is divided by 191?
104
Suppose -198 = 4*y - 3*c + 2*c, -4 = -2*c. Let o = -15 - y. What is the remainder when o is divided by 18 - (3/2)/((-8)/(-32))?
10
Suppose -105 = j - 2*j. Let p(l) = -l**3 + 8*l**2 + 14*l - 24. Let n be p(9). Suppose -22*s = -n*s - 27. What is the remainder when j is divided by s?
24
Let u(a) = -a**2 + 8*a + 12. Let l(f) = f**3 + 9*f**2 - 13*f - 21. Let o be l(-10). Suppose 57 - 3 = o*h. Calculate the remainder when h is divided by u(9).
0
Let p be (-152)/(-3) - 4/6. Let q = 3513 + -3435. Let v = q - p. What is the remainder when v is divided by 11?
6
Let o(n) = -n**2 - 18*n - 2. Let p be o(-7). Let l = p - 147. Let d = l - -104. What is the remainder when d is divided by 12?
8
Suppose -16 + 30 = -7*y. Calculate the remainder when -4 + (-2215)/(-10) + (-1)/y is divided by 73.
72
Suppose -2*d - 3*v + 0 = 5, 0 = d - 4*v - 25. Suppose -5*a = -2*y - 2*a + 93, 0 = -y - d*a + 79. What is the remainder when y is divided by 14?
12
Let b = 626 - 610. What is the remainder when b/448*-8 + (-2202)/(-14) is divided by 46?
19
Suppose 2*k - 4*s = -20, -4*k = -3*s - 22 + 77. Let j be (6/(-9))/(6/945*5). Let u = k - j. Calculate the remainder when 7 is divided by u.
2
Let k(v) = -38*v - 24. Let q = 52 - 53. Let h(s) = -8*s - 6. Calculate the remainder when h(-4) is divided by k(q).
12
Let v = 22772 + -22633. Calculate the remainder when 568 is divided by v.
12
Let k(j) = -35*j**2 - 5*j - 2. Let b be k(-2). Let i = -134 - b. Calculate the remainder when 25 is divided by 7*(0 + i - (0 + -3)).
4
What is the remainder when (-4136)/(-110)*(-2820)/(-48) is divided by 10?
9
Let w = -2903 - -5475. What is the remainder when w is divided by 14?
10
Suppose 5*p + 57 = y, 4*y - 339 + 111 = p. Let q = 1449 + -1433. What is the remainder when y is divided by q?
9
Let c(i) = -i**3 - 2*i**2 + 4*i - 3. Let p be c(3). Let w = 83 + p. Suppose 0 = -a - 0*a - 3, 2*z - w = 5*a. What is the remainder when z is divided by 9?
7
Let b(f) = 3*f**2 + 21*f - 8. Let q be b(-9). Let p = q - 6. Calculate the remainder when p is divided by (-1)/(-3)*3 + 5.
4
Let o(t) be the first derivative of t**4/4 + t**3/3 - t**2/2 + 67*t + 97. Calculate the remainder when o(0) is divided by 10.
7
Suppose 4*j = 5*u - 486, -86*j = u - 90*j - 110. Suppose a = -0*a + 3*p + 183, 3*p + 15 = 0. Calculate the remainder when a is divided by u.
74
Suppose -45 = -3*x + 54. Let s(p) = -8*p**2 + 5*p + 38. Let m be s(-5). Let n = -170 - m. Calculate the remainder when x is divided by n.
16
Suppose -8110 = -66*v + 3176. What is the remainder when v is divided by 159?
12
Let t = 4340 - 4320. What is the remainder when 6999 is divided by t?
19
Suppose 25*a - 44 = 23*a. Suppose -22 = a*u - 330. Suppose 3*i - 163 = -4*n, -5*i + 4*n = n - 262. What is the remainder when i is divided by u?
11
Let d = -4574 + 4630. Calculate the remainder when 1287 is divided by d.
55
Suppose -3*j + 45 = -x, -3*j + j = -3*x - 135. Suppose -5*b = 0, c = -4*b - 0*b + 13. What is the remainder when 50 + 150/x*(-3)/(-2) is divided by c?
6
Suppose -5*s = 5*c - 610, 5*s + 461 = 2*c + 2*c. Calculate the remainder when 199 is divided by (34/c + (-16)/(-42))*75.
49
Suppose -5*d + 2*v + 260 = 21, 0 = -d + 4*v + 55. Calculate the remainder when 84 + (-4)/2 + 1 is divided by d.
36
Let s(v) = v + 3. Let t be s(0). Let w(n) = -n + 27. Let g be w(-15). Suppose t*f - g = 45. Calculate the remainder when 57 is divided by f.
28
Let k(p) be the third derivative of p**6/120 + p**5/15 + p**4/24 + 5*p**3/3 - 9*p**2 + 2. What is the remainder when 85 is divided by k(0)?
5
Suppose 524 = l + 5*v, 20*v - 21*v - 4 = 0. Let k = -532 + l. Calculate the remainder when 187 is divided by k.
7
Let d(a) = -8*a - 39. Let m be d(-9). Suppose m*p = 35*p - 12. Let q(h) = -h**3 + 6*h**2 + 2*h + 7. What is the remainder when 94 is divided by q(p)?
18
Let t = -3 - 3. Let z be 1 - 752/(-20) - 8/(-20). Let n = t + z. Calculate the remainder when n is divided by 12.
9
What is the remainder when (-1431)/(-10) - (-1)/(-12)*66/55 is divided by 43?
14
Let h(n) = -n**2 + 3*n + 3. Let l be h(3). Suppose l*t = -t + 36. Let j = 10346 + -10311. What is the remainder when j is divided by t?
8
Suppose 40 = 47*m - 742 - 393. Calculate the remainder when 448 is divided by m.
23
Suppose -510*q + 34655 = 5*b - 514*q, 4*b = 3*q + 27723. What is the remainder when b is divided by 165?
162
Suppose 3*r + 3*b - 6480 = 0, -14*b + 18*b = 2*r - 4320. What is the remainder when r is divided by 46?
44
Calculate the remainder when (8016/(-384))/(2/(-16)) is divided by 59.
49
Let n(t) = 284*t + 294. What is the remainder when 1469 is divided by n(-1)?
9
Let p be (-15 - -13)*4/(-2). Suppose -p*b + 64 - 4 = 0. Calculate the remainder when 29 is divided by b.
14
Let x = 77 - 38. What is the remainder when x is divided by (378/24)/(15/280*14)?
18
Let r = -86 - -89. Suppose -r*l = 4*b - l - 164, -2*b = -l - 78. Suppose 41*u - b = 36*u. Calculate the remainder when 30 is divided by u.
6
Let h(u) = -16*u**2 - u - 25. Let o be h(-5). Let s = o + 429. Calculate the remainder when 115 is divided by s.
7
Let u = 86 + -31. Suppose 0 = 3*z + 5*p - 846, 10*z - 2*p - 1348 = 5*z. Calculate the remainder when z is divided by u.
52
Suppose -4*f + 104 = 3*k, 2*f - 4*k + 33 = 107. What is the remainder when (2376/330)/((-9)/(-60)) is divided by f?
19
Suppose -62*y = -117*y + 68*y - 2041. What is the remainder when 597 is divided by y?
126
Let f(r) = r**2 - 73*r + 877. Calculate the remainder when 182 is divided by f(58).
0
Let o(a) = a**2 - 7*a + 6. Let j be o(6). Suppose -p + 4*z - 8 = j, -p - z = z + 14. Let g = p + 19. Calculate the remainder when 23 is d